{"id":173,"date":"2016-09-29T20:32:45","date_gmt":"2016-09-29T19:32:45","guid":{"rendered":"http:\/\/euve103872.serverprofi24.de\/schuelerhilfe\/?page_id=173"},"modified":"2017-04-02T18:16:20","modified_gmt":"2017-04-02T17:16:20","slug":"uber-uns","status":"publish","type":"page","link":"https:\/\/www.nachhilfe-kempen.de\/index.php\/uber-uns\/","title":{"rendered":"\u00dcber uns"},"content":{"rendered":"<p><strong>Unser Team<\/strong><\/p>\n<p>Der Inhaber Robert Feichtner, die Gesch\u00e4ftsf\u00fchrerin Else Feichtner und B\u00fcroleiterinnen Ulrike Falkenstein in Kempen bilden ein kompetentes, engagiertes Team von Nachhilfelehrerinnen und Nachhilfelehrer.<\/p>\n<div class=\"wpcmsdev-columns\">\n<div class=\"column column-width-one-half\">\n<div id=\"attachment_207\" style=\"width: 401px\" class=\"wp-caption alignnone\"><img loading=\"lazy\" decoding=\"async\" aria-describedby=\"caption-attachment-207\" class=\"wp-image-207 size-full\" src=\"http:\/\/euve103872.serverprofi24.de\/schuelerhilfe\/wp-content\/uploads\/2016\/09\/robert-feichtner.png\" alt=\"Robert Feichtner\" width=\"391\" height=\"576\" srcset=\"https:\/\/www.nachhilfe-kempen.de\/wp-content\/uploads\/2016\/09\/robert-feichtner.png 391w, https:\/\/www.nachhilfe-kempen.de\/wp-content\/uploads\/2016\/09\/robert-feichtner-204x300.png 204w, https:\/\/www.nachhilfe-kempen.de\/wp-content\/uploads\/2016\/09\/robert-feichtner-100x147.png 100w, https:\/\/www.nachhilfe-kempen.de\/wp-content\/uploads\/2016\/09\/robert-feichtner-150x221.png 150w, https:\/\/www.nachhilfe-kempen.de\/wp-content\/uploads\/2016\/09\/robert-feichtner-200x295.png 200w, https:\/\/www.nachhilfe-kempen.de\/wp-content\/uploads\/2016\/09\/robert-feichtner-300x442.png 300w\" sizes=\"auto, (max-width: 391px) 100vw, 391px\" \/><p id=\"caption-attachment-207\" class=\"wp-caption-text\">Inhaber <strong>Robert Feichtner<\/strong><br \/> ist seit Jahren erfolgreicher Lehrer.<\/p><\/div>\n<\/div>\n<div class=\"column column-width-one-half\">\n<div id=\"attachment_179\" style=\"width: 615px\" class=\"wp-caption alignnone\"><img loading=\"lazy\" decoding=\"async\" aria-describedby=\"caption-attachment-179\" class=\"size-large wp-image-179\" src=\"http:\/\/euve103872.serverprofi24.de\/schuelerhilfe\/wp-content\/uploads\/2016\/09\/20160903_201333-1024x847.jpg\" alt=\"Gesch\u00e4ftsf\u00fchrerin Else Feichtner\" width=\"605\" height=\"500\" srcset=\"https:\/\/www.nachhilfe-kempen.de\/wp-content\/uploads\/2016\/09\/20160903_201333-1024x847.jpg 1024w, https:\/\/www.nachhilfe-kempen.de\/wp-content\/uploads\/2016\/09\/20160903_201333-300x248.jpg 300w, https:\/\/www.nachhilfe-kempen.de\/wp-content\/uploads\/2016\/09\/20160903_201333-768x635.jpg 768w, https:\/\/www.nachhilfe-kempen.de\/wp-content\/uploads\/2016\/09\/20160903_201333-100x83.jpg 100w, https:\/\/www.nachhilfe-kempen.de\/wp-content\/uploads\/2016\/09\/20160903_201333-150x124.jpg 150w, https:\/\/www.nachhilfe-kempen.de\/wp-content\/uploads\/2016\/09\/20160903_201333-200x165.jpg 200w, https:\/\/www.nachhilfe-kempen.de\/wp-content\/uploads\/2016\/09\/20160903_201333-450x372.jpg 450w, https:\/\/www.nachhilfe-kempen.de\/wp-content\/uploads\/2016\/09\/20160903_201333-600x496.jpg 600w, https:\/\/www.nachhilfe-kempen.de\/wp-content\/uploads\/2016\/09\/20160903_201333-900x744.jpg 900w\" sizes=\"auto, (max-width: 605px) 100vw, 605px\" \/><p id=\"caption-attachment-179\" class=\"wp-caption-text\">Gesch\u00e4ftsf\u00fchrerin<strong> Else Feichtner<\/strong>.<\/p><\/div>\n<\/div>\n<\/div>\n<p><strong>Schulexperten seit 1989<\/strong><\/p>\n<ul type=\"square\">\n<li>Alle F\u00e4cher von der Grundschule bis zum Abitur<\/li>\n<li>Kostenlose Beratung (auch Wunsch-Termine)<\/li>\n<li>Individuelle F\u00f6rderung<\/li>\n<li>Gruppenunterricht (in kleinen Gruppen, 2 und mehr)<\/li>\n<li>Gezielte Vorbereitung auf Klassenarbeiten und Pr\u00fcfungen<\/li>\n<li>Hausaufgaben Hilfe<\/li>\n<li>Wissensl\u00fccken in Problemf\u00e4chern schlie\u00dfen<\/li>\n<li>Lerntechniken vermitteln<\/li>\n<\/ul>\n<p>&nbsp;<\/p>\n<p><strong>Ziel<\/strong><\/p>\n<ul type=\"square\">\n<li>Schulprobleme l\u00f6sen<\/li>\n<li>Freude am lernen vermitteln<\/li>\n<li>Selbstvertrauen st\u00e4rken<\/li>\n<li>Schulangst nehmen<\/li>\n<\/ul>\n","protected":false},"excerpt":{"rendered":"<p>Unser Team Der Inhaber Robert Feichtner, die Gesch\u00e4ftsf\u00fchrerin Else Feichtner und B\u00fcroleiterinnen Ulrike Falkenstein in Kempen bilden ein kompetentes, engagiertes Team von Nachhilfelehrerinnen und Nachhilfelehrer. Schulexperten seit 1989 Alle F\u00e4cher von der Grundschule bis zum Abitur Kostenlose Beratung (auch Wunsch-Termine)<span class=\"ellipsis\">&hellip;<\/span><\/p>\n<div class=\"read-more\"><a href=\"https:\/\/www.nachhilfe-kempen.de\/index.php\/uber-uns\/\">Read more &#8250;<\/a><\/div>\n<p><!-- end of .read-more --><\/p>\n","protected":false},"author":1,"featured_media":0,"parent":0,"menu_order":0,"comment_status":"closed","ping_status":"closed","template":"","meta":{"footnotes":""},"class_list":["post-173","page","type-page","status-publish","hentry"],"_links":{"self":[{"href":"https:\/\/www.nachhilfe-kempen.de\/index.php\/wp-json\/wp\/v2\/pages\/173","targetHints":{"allow":["GET"]}}],"collection":[{"href":"https:\/\/www.nachhilfe-kempen.de\/index.php\/wp-json\/wp\/v2\/pages"}],"about":[{"href":"https:\/\/www.nachhilfe-kempen.de\/index.php\/wp-json\/wp\/v2\/types\/page"}],"author":[{"embeddable":true,"href":"https:\/\/www.nachhilfe-kempen.de\/index.php\/wp-json\/wp\/v2\/users\/1"}],"replies":[{"embeddable":true,"href":"https:\/\/www.nachhilfe-kempen.de\/index.php\/wp-json\/wp\/v2\/comments?post=173"}],"version-history":[{"count":29,"href":"https:\/\/www.nachhilfe-kempen.de\/index.php\/wp-json\/wp\/v2\/pages\/173\/revisions"}],"predecessor-version":[{"id":266,"href":"https:\/\/www.nachhilfe-kempen.de\/index.php\/wp-json\/wp\/v2\/pages\/173\/revisions\/266"}],"wp:attachment":[{"href":"https:\/\/www.nachhilfe-kempen.de\/index.php\/wp-json\/wp\/v2\/media?parent=173"}],"curies":[{"name":"wp","href":"https:\/\/api.w.org\/{rel}","templated":true}]}}

Über uns

<p><strong>Unser Team</strong></p>
<p>Der Inhaber Robert Feichtner, die Geschäftsführerin Else Feichtner und Büroleiterinnen Ulrike Falkenstein in Kempen bilden ein kompetentes, engagiertes Team von Nachhilfelehrerinnen und Nachhilfelehrer.</p>
<div class="wpcmsdev-columns">
<div class="column column-width-one-half">
<div id="attachment_207" style="width: 401px" class="wp-caption alignnone"><img loading="lazy" decoding="async" aria-describedby="caption-attachment-207" class="wp-image-207 size-full" src="http://euve103872.serverprofi24.de/schuelerhilfe/wp-content/uploads/2016/09/robert-feichtner.png" alt="Robert Feichtner" width="391" height="576" srcset="https://www.nachhilfe-kempen.de/wp-content/uploads/2016/09/robert-feichtner.png 391w, https://www.nachhilfe-kempen.de/wp-content/uploads/2016/09/robert-feichtner-204x300.png 204w, https://www.nachhilfe-kempen.de/wp-content/uploads/2016/09/robert-feichtner-100x147.png 100w, https://www.nachhilfe-kempen.de/wp-content/uploads/2016/09/robert-feichtner-150x221.png 150w, https://www.nachhilfe-kempen.de/wp-content/uploads/2016/09/robert-feichtner-200x295.png 200w, https://www.nachhilfe-kempen.de/wp-content/uploads/2016/09/robert-feichtner-300x442.png 300w" sizes="auto, (max-width: 391px) 100vw, 391px" /><p id="caption-attachment-207" class="wp-caption-text">Inhaber <strong>Robert Feichtner</strong><br /> ist seit Jahren erfolgreicher Lehrer.</p></div>
</div>
<div class="column column-width-one-half">
<div id="attachment_179" style="width: 615px" class="wp-caption alignnone"><img loading="lazy" decoding="async" aria-describedby="caption-attachment-179" class="size-large wp-image-179" src="http://euve103872.serverprofi24.de/schuelerhilfe/wp-content/uploads/2016/09/20160903_201333-1024x847.jpg" alt="Geschäftsführerin Else Feichtner" width="605" height="500" srcset="https://www.nachhilfe-kempen.de/wp-content/uploads/2016/09/20160903_201333-1024x847.jpg 1024w, https://www.nachhilfe-kempen.de/wp-content/uploads/2016/09/20160903_201333-300x248.jpg 300w, https://www.nachhilfe-kempen.de/wp-content/uploads/2016/09/20160903_201333-768x635.jpg 768w, https://www.nachhilfe-kempen.de/wp-content/uploads/2016/09/20160903_201333-100x83.jpg 100w, https://www.nachhilfe-kempen.de/wp-content/uploads/2016/09/20160903_201333-150x124.jpg 150w, https://www.nachhilfe-kempen.de/wp-content/uploads/2016/09/20160903_201333-200x165.jpg 200w, https://www.nachhilfe-kempen.de/wp-content/uploads/2016/09/20160903_201333-450x372.jpg 450w, https://www.nachhilfe-kempen.de/wp-content/uploads/2016/09/20160903_201333-600x496.jpg 600w, https://www.nachhilfe-kempen.de/wp-content/uploads/2016/09/20160903_201333-900x744.jpg 900w" sizes="auto, (max-width: 605px) 100vw, 605px" /><p id="caption-attachment-179" class="wp-caption-text">Geschäftsführerin<strong> Else Feichtner</strong>.</p></div>
</div>
</div>
<p><strong>Schulexperten seit 1989</strong></p>
<ul type="square">
<li>Alle Fächer von der Grundschule bis zum Abitur</li>
<li>Kostenlose Beratung (auch Wunsch-Termine)</li>
<li>Individuelle Förderung</li>
<li>Gruppenunterricht (in kleinen Gruppen, 2 und mehr)</li>
<li>Gezielte Vorbereitung auf Klassenarbeiten und Prüfungen</li>
<li>Hausaufgaben Hilfe</li>
<li>Wissenslücken in Problemfächern schließen</li>
<li>Lerntechniken vermitteln</li>
</ul>
<p>&nbsp;</p>
<p><strong>Ziel</strong></p>
<ul type="square">
<li>Schulprobleme lösen</li>
<li>Freude am lernen vermitteln</li>
<li>Selbstvertrauen stärken</li>
<li>Schulangst nehmen</li>
</ul>

<p>Unser Team Der Inhaber Robert Feichtner, die Geschäftsführerin Else Feichtner und Büroleiterinnen Ulrike Falkenstein in Kempen bilden ein kompetentes, engagiertes Team von Nachhilfelehrerinnen und Nachhilfelehrer. Schulexperten seit 1989 Alle Fächer von der Grundschule bis zum Abitur Kostenlose Beratung (auch Wunsch-Termine)<span class="ellipsis">&hellip;</span></p>
<div class="read-more"><a href="https://www.nachhilfe-kempen.de/index.php/uber-uns/">Read more &#8250;</a></div>
<p><!-- end of .read-more --></p>
